{"id":2,"date":"2009-02-15T13:17:25","date_gmt":"2009-02-15T12:17:25","guid":{"rendered":"http:\/\/www.kommentiert.at\/?page_id=2"},"modified":"2009-02-16T17:14:17","modified_gmt":"2009-02-16T16:14:17","slug":"impressum","status":"publish","type":"page","link":"https:\/\/www.kommentiert.at\/radio\/?page_id=2","title":{"rendered":"Impressum"},"content":{"rendered":"<p><strong>Medieninhaber:<\/strong> Andreas Lindinger, 1180 Wien bzw. 4542 Nu\u00dfbach, \u00d6sterreich<strong><br \/>\n<\/strong><\/p>\n<p><strong>Kontakt:<\/strong> info (at) kommentiert (dot) at<\/p>\n<p><strong>Medienrechtlicher Hinweis:<\/strong> Diese Website enth\u00e4lt Links zu externen Webseiten Dritter, auf deren Inhalte kommentiert.at keinen Einfluss hat. Deshalb kann kommentiert.at f\u00fcr diese fremden Inhalte auch keine Gew\u00e4hr \u00fcbernehmen. F\u00fcr die Inhalte der verlinkten Seiten ist stets der jeweilige Anbieter oder Betreiber der Seiten verantwortlich. Ebensowenig haftet kommentiert.at f\u00fcr von Besuchern dieser Website zu den jeweiligen Artikeln gepostete Kommentare. Bei bekannt werden von Rechtsverletzungen wird kommentiert.at derartige Links oder Kommentare selbstverst\u00e4ndlich umgehend entfernen.<\/p>\n<p><strong>Creative Commons:<\/strong> Die Inhalte dieser Website unterliegen einer <a href=\"http:\/\/creativecommons.org\/licenses\/by-nc\/3.0\/at\" target=\"_blank\">Creative Commons Lizenz<\/a>.<\/p>\n<p style=\"text-align: center;\"><a rel=\"license\" href=\"http:\/\/creativecommons.org\/licenses\/by-nc\/3.0\/at\/\"><img decoding=\"async\" class=\"aligncenter\" style=\"border-width:0\" src=\"http:\/\/i.creativecommons.org\/l\/by-nc\/3.0\/at\/80x15.png\" alt=\"Creative Commons License\" \/><\/a><\/p>\n","protected":false},"excerpt":{"rendered":"<p>Medieninhaber: Andreas Lindinger, 1180 Wien bzw. 4542 Nu\u00dfbach, \u00d6sterreich Kontakt: info (at) kommentiert (dot) at Medienrechtlicher Hinweis: Diese Website enth\u00e4lt Links zu externen Webseiten Dritter, auf deren Inhalte kommentiert.at keinen Einfluss hat. Deshalb kann kommentiert.at f\u00fcr diese fremden Inhalte auch keine Gew\u00e4hr \u00fcbernehmen. F\u00fcr die Inhalte der verlinkten Seiten ist stets der jeweilige Anbieter oder [&hellip;]<\/p>\n","protected":false},"author":1,"featured_media":0,"parent":0,"menu_order":2,"comment_status":"closed","ping_status":"closed","template":"","meta":{"footnotes":""},"class_list":["post-2","page","type-page","status-publish","hentry"],"_links":{"self":[{"href":"https:\/\/www.kommentiert.at\/radio\/index.php?rest_route=\/wp\/v2\/pages\/2","targetHints":{"allow":["GET"]}}],"collection":[{"href":"https:\/\/www.kommentiert.at\/radio\/index.php?rest_route=\/wp\/v2\/pages"}],"about":[{"href":"https:\/\/www.kommentiert.at\/radio\/index.php?rest_route=\/wp\/v2\/types\/page"}],"author":[{"embeddable":true,"href":"https:\/\/www.kommentiert.at\/radio\/index.php?rest_route=\/wp\/v2\/users\/1"}],"replies":[{"embeddable":true,"href":"https:\/\/www.kommentiert.at\/radio\/index.php?rest_route=%2Fwp%2Fv2%2Fcomments&post=2"}],"version-history":[{"count":3,"href":"https:\/\/www.kommentiert.at\/radio\/index.php?rest_route=\/wp\/v2\/pages\/2\/revisions"}],"predecessor-version":[{"id":16,"href":"https:\/\/www.kommentiert.at\/radio\/index.php?rest_route=\/wp\/v2\/pages\/2\/revisions\/16"}],"wp:attachment":[{"href":"https:\/\/www.kommentiert.at\/radio\/index.php?rest_route=%2Fwp%2Fv2%2Fmedia&parent=2"}],"curies":[{"name":"wp","href":"https:\/\/api.w.org\/{rel}","templated":true}]}}

<p><strong>Medieninhaber:</strong> Andreas Lindinger, 1180 Wien bzw. 4542 Nußbach, Österreich<strong><br />
</strong></p>
<p><strong>Kontakt:</strong> info (at) kommentiert (dot) at</p>
<p><strong>Medienrechtlicher Hinweis:</strong> Diese Website enthält Links zu externen Webseiten Dritter, auf deren Inhalte kommentiert.at keinen Einfluss hat. Deshalb kann kommentiert.at für diese fremden Inhalte auch keine Gewähr übernehmen. Für die Inhalte der verlinkten Seiten ist stets der jeweilige Anbieter oder Betreiber der Seiten verantwortlich. Ebensowenig haftet kommentiert.at für von Besuchern dieser Website zu den jeweiligen Artikeln gepostete Kommentare. Bei bekannt werden von Rechtsverletzungen wird kommentiert.at derartige Links oder Kommentare selbstverständlich umgehend entfernen.</p>
<p><strong>Creative Commons:</strong> Die Inhalte dieser Website unterliegen einer <a href="http://creativecommons.org/licenses/by-nc/3.0/at" target="_blank">Creative Commons Lizenz</a>.</p>
<p style="text-align: center;"><a rel="license" href="http://creativecommons.org/licenses/by-nc/3.0/at/"><img decoding="async" class="aligncenter" style="border-width:0" src="http://i.creativecommons.org/l/by-nc/3.0/at/80x15.png" alt="Creative Commons License" /></a></p>

<p>Medieninhaber: Andreas Lindinger, 1180 Wien bzw. 4542 Nußbach, Österreich Kontakt: info (at) kommentiert (dot) at Medienrechtlicher Hinweis: Diese Website enthält Links zu externen Webseiten Dritter, auf deren Inhalte kommentiert.at keinen Einfluss hat. Deshalb kann kommentiert.at für diese fremden Inhalte auch keine Gewähr übernehmen. Für die Inhalte der verlinkten Seiten ist stets der jeweilige Anbieter oder [&hellip;]</p>
